 = -8 - -5. What is p(u)?
1
Suppose -5*d = -3*d - 4*z + 18, d + 5*z = -23. Let n = d + 10. Let m(r) = r**2 + 6*r + 4. Determine m(n).
-5
Let v(h) be the second derivative of h + 1/3*h**3 - h**2 + 0 - 1/12*h**4. Calculate v(4).
-10
Let i(n) = n**3 - 10*n**2 + 7*n + 12. Let z be i(9). Let u(y) = 2*y + 0*y - y + 8. Give u(z).
2
Let r(y) be the second derivative of -y**4/12 - y**3/6 - y**2/2 + y. Let p be 0 - 1/(0 + 1). What is r(p)?
-1
Suppose 2*r + 3 = -5. Suppose -4*j + 10 = 2*a - 8, 4*a = 5*j + 10. Let w(p) = j*p - p - 3*p + p. Give w(r).
4
Let x(b) = -b**2 + 4*b. Suppose 7*o = o + 30. Determine x(o).
-5
Suppose -m + 5 + 4 = 5*w, 2*m + 9 = -w. Let d(g) = -1. Let y(i) = -i**3 - 7*i**2 - 7*i. Let s(b) = d(b) - y(b). What is s(m)?
-7
Let y be (-2)/(-6) - (-28)/6. Let b(h) = -y*h + 6*h + 0*h + 2. Let x = -13 - -8. Determine b(x).
-3
Let z(s) = -15*s + 3. Let g(w) = -8*w + 2. Let a(t) = 11*g(t) - 6*z(t). What is a(-5)?
-6
Let a(d) be the second derivative of -1/2*d**3 - d**2 + 2*d + 0. Calculate a(-2).
4
Let c(m) = -m**2 - m + 1. Let g(n) = 2*n**2 - n - 5. Let h(t) = c(t) + g(t). What is h(-3)?
11
Let u(n) = -7*n**3 - 13*n**2 + n + 5. Let c(b) = 13*b**3 + 25*b**2 - 2*b - 10. Let s(q) = -6*c(q) - 11*u(q). Calculate s(-7).
-2
Let r(q) be the second derivative of -q**3/6 + q**2/2 - 17*q. What is r(7)?
-6
Let t = 44 - 41. Let f(d) = d**3 - 2*d**2 - d - 3. What is f(t)?
3
Let r be (-2)/((-15)/(-6) - 3). Let n = 1 - 4. Let s be (2/r)/(n/30). Let l(q) = q**2 + 4*q - 1. Calculate l(s).
4
Suppose -x - 2*k = 2*x - 13, k = x + 4. Suppose 8*z + z - 27 = 0. Let n(m) = z + m**2 - 7*m + x + 4. Determine n(6).
2
Let z(h) = -4*h**3 - 3*h**2 - 2*h + 3. Suppose 4*i + 3 = 15. Let w(j) = -11*j**3 - 9*j**2 - 6*j + 8. Let s(f) = i*w(f) - 8*z(f). Calculate s(-3).
6
Let z(i) = 5*i**3 + 5*i**2 + 12*i - 4. Let p(a) = -4*a**3 - 6*a**2 - 11*a + 4. Let h(x) = -4*p(x) - 3*z(x). Let u be h(-8). Let m(g) = g - 3. Give m(u).
-7
Let g(q) be the second derivative of q**7/840 + q**5/120 - q**4/3 + 3*q. Let k(x) be the third derivative of g(x). Determine k(-1).
4
Let l(s) = 2*s. Suppose 9 = -0*d + 3*d. Determine l(d).
6
Let a(k) = -5*k**2 + 3*k - 2. Let t(i) = -11*i**2 + 7*i - 4. Let v(r) = 13*a(r) - 6*t(r). Suppose -3 = -n + w, 0*n + 4*n - 12 = w. Give v(n).
-2
Let n be ((-9)/12)/((-3)/24). Let s(l) = -l**3 + 7*l**2 - 6*l + 2. Calculate s(n).
2
Let m(k) be the second derivative of k**3/3 - 3*k**2/2 - 6*k. Suppose -4*y = -3*y - 2. Let q(o) = 1. Let n(x) = y*q(x) + m(x). Give n(-4).
-9
Let k(m) = 8*m - 1. Let h be ((-1)/(-3))/(2/(-30)). Let i be (-21)/(-15) + 2/h. What is k(i)?
7
Let z(v) = -2*v**2 + v. Let c(q) = 21*q - 1. Let l be c(1). Suppose -3*n = -2*s + 3*s - 8, 5*n - l = -5*s. What is z(s)?
-6
Let h be 12/3 + (2 - 2). Suppose -4 = -2*u, -3*u = 3*m - 8*m + h. Let d(r) = -r + 7 + 5*r - m - 3 - r**2. Give d(4).
2
Let z(a) be the second derivative of -2*a**3/3 - 2*a. Let b(x) = -x**3 - 6*x**2 - 5*x + 2. Let u be b(-5). What is z(u)?
-8
Let z(r) = r**2 - 8*r + 3. Let a(i) = i**2 - 7*i + 2. Let x(o) = 5*a(o) - 4*z(o). Suppose h + 12 = 4*h. Suppose 9 = h*y - y. Give x(y).
-2
Let d = 3 + 1. Let y(a) be the second derivative of a**7/2520 - a**6/360 - a**5/24 + a**4/12 - 2*a. Let g(x) be the third derivative of y(x). What is g(d)?
3
Let q(w) = w**3 + w**2 - w - 8. Let i(r) = -5*r + 65. Let k be i(13). Determine q(k).
-8
Let i(k) = k**3 - k**2 + 2. Let r(j) = -4*j**2 + 4*j - 5. Let f(l) = 3*l**2 - 3*l + 4. Let s(x) = -5*f(x) - 4*r(x). Let a be s(2). Calculate i(a).
6
Let w(y) = -y**3 - y. Let l(i) = i**3 - 4*i - 1. Let h(n) = l(n) - 6*w(n). Determine h(1).
8
Let t(l) = 5*l + 11*l**2 - 16*l**2 - 5 + 4*l**2. Let s(g) = g**2 - 5*g + 6. Let a be s(4). Suppose -h = -6 + a. What is t(h)?
-1
Let y(q) = -q**2 - 8*q - 1. Let v(p) = p**2 + 9*p. Let x(g) = 2*v(g) + 3*y(g). Calculate x(-4).
5
Let u(g) be the third derivative of g**6/360 + g**5/40 + g**4/12 + g**3/2 + 3*g**2. Let s(q) be the first derivative of u(q). Determine s(-3).
2
Let s(j) = 0 + j + j**2 + 0*j**3 + 2 - j**3. Suppose 5*v - 2*i = -8, 5*i = 3*v + 15 + 5. What is s(v)?
2
Let j = -19 - 5. Let r be j/(-5) + (-4)/(-20). Let x(p) = p + 2. Calculate x(r).
7
Let t(k) = k**2 - 2. Let a be t(2). Let z = 7 + 0. Let l(g) = -2*g - 2*g**2 - a + 0*g + z*g. Determine l(3).
-5
Let v(j) = j + 8. Let c be v(-10). Let g(n) = -n**3 - 4*n**2 + 4*n + 6. Let t(f) = -f**2 + 1. Let u(d) = g(d) - 3*t(d). Give u(c).
-1
Let x = -4 + 6. Suppose a + 2 - 1 = 3*c, x*a = -c - 2. Let s(d) = c*d**2 + d - 7*d**2 + 2 + 8*d**2. What is s(-3)?
8
Let y(q) be the third derivative of -q**4/24 + q**3/6 + 14*q**2 - 1. What is y(-5)?
6
Let k(b) = -b + 5. Let j be k(3). Let u(r) = -2*r - 1. Give u(j).
-5
Let g = -8 - -5. Let n(v) = -8*v + 6. Let f(w) = 4*w - 3. Let p(b) = 5*f(b) + 2*n(b). What is p(g)?
-15
Suppose 6 - 11 = 5*a. Let b(v) = 4*v + 1. Determine b(a).
-3
Let k(j) = -12*j**2 + 13*j**2 - 5 - 2 + 3*j. Let w = -19 + 44. Suppose 0 = -0*h + 5*h + w. Give k(h).
3
Let s(t) = t**2 - 10*t + 12. Suppose 5*q = -4*g + 6*g + 22, 10 = -2*g + 2*q. Let v be (1/g)/((-3)/24). Let h be s(v). Let z(l) = l + 2. Determine z(h).
-2
Let m(s) be the third derivative of s**6/120 - s**5/10 + 7*s**4/24 - 5*s**3/6 + 8*s**2. Give m(5).
5
Let n(g) be the first derivative of -g**2 - g - 33. Calculate n(-5).
9
Suppose -5*n = 2*i - 12, 0 = -2*n + 7*i - 3*i. Suppose o - 7*b + 10 = -2*b, 5*o = n*b - 4. Let z(s) = -s - 1. Give z(o).
-1
Let f(x) = x**3 + x**2 + 1. Suppose -37 = -3*z + 5*v, 2*z + 2 = -2*v - 0. Suppose z = 3*n - g, -4*g = 2*n - 3*g - 6. Suppose 0 = -n*r + 6*r + 8. What is f(r)?
-3
Let u(z) be the third derivative of -z**2 - 1/6*z**3 + 1/24*z**4 + 0*z + 0. Calculate u(-1).
-2
Let f be 3 - 0/(2*-1). Let b(z) be the second derivative of -z**5/20 + z**4/6 + 2*z + 19. Give b(f).
-9
Let z(u) be the first derivative of -3*u**2/2 + 30. Calculate z(-1).
3
Let v(d) be the first derivative of 4/3*d**3 - 2*d - 1/2*d**2 + 1/4*d**4 - 3. Determine v(-4).
2
Let h = 0 - -5. Let l(k) = k**3 - k**2 + 1. Let i(w) = -w**3 - 2*w**2 - 7*w + 3. Let t(z) = i(z) + 2*l(z). What is t(h)?
-5
Suppose 4*d - 4 - 4 = -k, -3*k - 3*d = -15. Let t(w) = 2*w - w + 1 + 0*w. Let s(i) = -2*i + 6. Let g(l) = -s(l) + t(l). Calculate g(k).
7
Let i(f) = -f**2 + 1. Let z(s) = 3*s**2 - 4. Let n be 2*-3*(-2)/(-4). Let k(r) = n*z(r) - 12*i(r). Determine k(-1).
3
Let n(s) = s**2 - 5*s + 3. Suppose 0 = 2*c - m - 0 - 9, 3*c - 10 = -2*m. Let d(f) = f**3 - 4*f**2 + f + 5. Let b be d(c). Suppose b*y = 4*y + 25. Give n(y).
3
Suppose -3*v - 3 = 3. Suppose -g = 2*d + 1, 0*d + 4*d = -3*g - 3. Let u(k) = 1 + d - 2 - k. What is u(v)?
1
Let o(u) = u + 17 + 2*u + 0 - 10. What is o(-5)?
-8
Let f be (-78)/(-24) + (-2)/8. Suppose -k - f*y - 12 + 5 = 0, 0 = -y - 2. Let c(b) be the third derivative of b**5/20 - b**4/24 - b**3/6 + b**2. Calculate c(k).
3
Let f(k) = 53*k - 152*k + 47*k - 5 + 51*k. Let r = -1 + -4. Determine f(r).
0
Let p(m) = 5*m + 2*m + m**3 + 2 - 5*m - 3*m + 5*m**2. Let f = 63 + -68. What is p(f)?
7
Suppose 0 = 15*r - 16*r + 4. Let k(t) = 3 + 12*t - 2 - r*t. Determine k(-1).
-7
Let w(g) = 3*g. Suppose 22 = n + 5*f, -5*n - 3*f + 5*f = -2. Give w(n).
6
Suppose -i - 2 = -0*i. Let n(a) = 21*a**3 + 21*a**2 - 11*a + 5. Let l(d) = -4*d**3 - 4*d**2 + 2*d - 1. Let r(y) = i*n(y) - 11*l(y). Calculate r(-2).
-7
Let q be (-6)/(-4) + (-36)/8. Let c(y) = -11*y. Let x(k) be the third derivative of -k**4/6 + k**2. Let j(i) = q*c(i) + 8*x(i). Determine j(3).
3
Let a(f) = 3*f**2 - 3*f. Let h be a(2). Let j be ((-3)/15 - 0)*-5. Let l(o) = -j - o + h - o - 4. Determine l(-2).
5
Suppose -4*c + c = -3. Let p(h) = 5*h**2 - 9*h - 5. Let d(f) = f**2 - 2*f - 1. Let q be 1/(-1)*(5 - 3). Let k(m) = q*p(m) + 9*d(m). Calculate k(c).
0
Let k(h) = -2*h**2 + h + 4. Let d be -6*(2 - 3/1). Suppose d*z - 15 = z. What is k(z)?
-11
Let c(o) = -o - 1. Let q(y) = 13*y - 4. Let v(s) = -5*c(s) + q(s). Give v(1).
19
Suppose 2*k + 2*k = -4. Let p(g) = -7*g**2 - 5*g - 1. Let x(j) = -7*j**2 - 4*j - 1. Let q(d) = -2*p(d) + 3*x(d). Give q(k).
-6
Suppose -11 = -2*j - 3*a, 0 = 4*j - 3*a - 1 - 48. Let i be (1 + (-2)/j)*5. Let x = -4 + i. Let h(c) = c**3 + c**2 - c + 2. Give h(x).
2
Let k(u) = -3*u**2 + 7*u**3 + 0*u + 2*u + 2 - 8*u**3. Calculate k(-3).
-4
Let z(y) = -11*y**3 - 15*y**2 - 